0 - -47)) + -18.
-40
Calculate (497 - 540) + 20 + 2 + 2.
-19
What is (-135 - -102) + (-3 - 65)?
-101
27 + (-2 - (1 - 3)) + (-645 - -653)
35
What is -50 - 4 - ((53 - 21) + -36)?
-50
Calculate -7 + 2 + 21 - 11 - (-3 + (-3 - -3)).
8
What is the value of 0 + (60 - 22) + 0 + -2 + 18?
54
50 - (12 - (-8 + 6 + (-5 - -18) + 8))
57
Evaluate -54 + 32 - (126 + -108 - (8 + -2)).
-34
What is the value of 27 - (-11 - (-30 + 10))?
18
What is the value of 154 + (-3 - -1) + 63 + -92 + 8?
131
What is 86 - -17 - (-415 + 626)?
-108
What is (23 - (73 + 84)) + 89?
-45
Evaluate (-47 - 32) + -7 + 38.
-48
Evaluate -1 - ((9 - (35 - 10)) + -2).
17
What is -9 + (-11 - (9 + 1 + (11 + -78 - -2)))?
35
What is -26 - -114 - (38 + (-21 - 2))?
73
-5 + -9 - (-57 - (30 + -116))
-43
What is (-17 - (43 - -6)) + 29?
-37
-1 + -21 + (1191 - 1163) - 33
-27
What is 69 + (-5 - (2 - -9)) + 1 - (2 + 1)?
51
Calculate 26 + -118 - -16 - (-6 + 0 + -9).
-61
What is -44 + (7 + 0 - 1) + (8 - 5)?
-35
Evaluate 7092 - 7184 - (2 - 71).
-23
What is 364 - 374 - (4 + 1)?
-15
Calculate (-1 - 4 - (-678 - -689)) + -53.
-69
14 + -3 + -1 - (-6 + 18) - 4
-6
Evaluate 2 + 3 - (-56 - (-49 + -12)).
0
Calculate (-49 - 3 - (15 - (1 + 2 - -6))) + 1.
-57
What is the value of 51 + -11 + (-202 - -102)?
-60
Evaluate -206 + 192 + 0 + -48.
-62
What is -83 + 37 + -57 + 55?
-48
What is the value of -180 + (-44 - -83) - -65?
-76
What is (2 - (6 + -5 + -52 + 59)) + 3 + 87?
84
What is the value of (107 - (-41 + 131) - (5 + 0)) + -75?
-63
What is -11 - 16 - -32 - ((3 - -2) + 2 + 0)?
-2
Calculate -59 - 2 - (-11 + 46 + -11 + -5).
-80
What is the value of 4 + (-4 + -60 - (-1 - -3)) + 5 + 0?
-57
21 + 0 - (1969 + -1966)
18
Evaluate -62 - -68 - (42 + (10 - 7 - 9)).
-30
Calculate (1 + -7 - (-561 - -554)) + 36.
37
What is the value of 20 - (-1 - 4 - (18 - (46 - 20)) - 6)?
23
What is 22 + (3 - -1) + -43 + 135 - 11?
107
What is -17 + 46 + -11 + -15 + -4 + -37?
-38
What is the value of -4 + -19 + 21 - -14 - -1?
13
What is the value of -224 - (88 - -26 - 228)?
-110
(-160 - -180) + 2 + -61
-39
Evaluate (-12 - (0 + 3)) + 0 + (184 - (-95 - -128)).
136
What is (16 + (1 - 7) - (-20 - -32)) + (4 - -23)?
25
Evaluate 5 - (22 - (23 - -2 - 12)).
-4
What is -40 - (-48 + (17 - -1))?
-10
Evaluate -13 + (-9 - -19) - 13 - (2 + 2).
-20
Evaluate (37 - 38) + -31 - -72.
40
What is the value of 6 + 19 + 8 + 15 + -5?
43
What is ((28 - 30) + -15 + 2 + 1 - -4) + -31?
-41
-3 + 7 - -5 - (10 + -3 + -2 - -78)
-74
Calculate 2 - (-9 - -1) - (-2787 + 2770).
27
2 + 0 + (10 - 6) - (-55 + 80)
-19
12 + (-27 - -12) - 2 - 1
-6
Calculate (-16 - (-35 - -84)) + 31.
-34
What is -25 + -2 + -1 + 1 + 35 + -23?
-15
Evaluate -28 + (15 - 19 - 10 - -12).
-30
1 - (-23 + 42) - -15 - 20
-23
Evaluate (-1 - (-9 - 7)) + -7 - (-6 + -18).
32
What is the value of 77 - 129 - (0 + -22)?
-30
-95 + (46 - (51 + -36) - (-1 + 20))
-83
-60 + 7 + -15 + 41 + -19
-46
What is (15 - 83) + 13 + -31 + 13?
-73
Evaluate -9 + 14 + -16 - (-4 + (-8 - -3)).
-2
What is the value of -1 + 71 - (220 - (1 - -238))?
89
What is the value of (2 - 9) + 6 - (17 - (39 + -75))?
-54
Calculate 2 + (61 - 63) + -84.
-84
-80 + (8 - (27 + -21) - 20)
-98
What is the value of -43 + 34 + -14 + 51?
28
Calculate -3 + -6 - ((-27 - 43) + 110).
-49
-21 + 4 + 100 + (-30 - 2)
51
Evaluate 3 - -6 - (-41 + 83 + -51).
18
What is the value of -7 + (-11 + 6 + 6 - 9) - 54?
-69
-10 + 1 - (-3 - ((8 - 82 - -9) + 19))
-52
What is -20 + (7 + -1 - -4) - (65 - 4)?
-71
Calculate -32 - -3 - (-104 - -65) - (-57 + 3).
64
What is the value of -24 + (42 - 112 - -81)?
-13
Evaluate (-204 - -246) + -97 + 20.
-35
What is the value of -1 - (6 + (6 - 0)) - (-355 - -406)?
-64
What is 8 + -90 + 99 - (-1 + 42)?
-24
What is 70 - (-16 + (28 - 4) + -4)?
66
What is 41 - (32 + 9 + (-63 - 8))?
71
What is 24 + (-18 - -14) - (-25 + 7)?
38
Calculate -9 - ((11 - 10) + 8 - -3 - 4 - 5).
-12
Calculate -3 + -4 + (11 - (-9 + 4 - 10)).
19
What is the value of 45 + -37 + -11 + (17 - -10)?
24
Evaluate 89 + -31 + 22 + 31 - 20.
91
What is 3 + (74 + -75 - (-7 + 1) - -11)?
19
What is 77 - (4 - 8 - 4 - (7 + 5))?
97
Calculate 888 + -875 - (1 - 43).
55
Calculate -36 - (54 - 102) - (7 - -5).
0
70 - (-1 + 18 - 1 - (-108 + 69 - -43))
58
Evaluate 2 + 10 + (14 - (83 + -14)).
-43
What is the value of (0 + 0 - -8) + (24 - 16) - (-75 - -40)?
51
-14 + ((-1 - -1) + -1 - (386 - 491)) + 8
98
83 + (-71 - -22) - -15
49
What is the value of -10 - ((212 - 200) + 15 + 2)?
-39
Evaluate -49 - (-20 + 32 + -40).
-21
16 - (65 - 1 - (27 - 39))
-60
What is 2 + 1 - (-18 + 85) - (7 - (-20 + 34))?
-57
Calculate (37 - 38 - (4 - -30)) + -7 + -7.
-49
What is the value of -26 + (-49 + (73 - 26) - (2 + -3))?
-27
Evaluate -5 - 10 - (-6 + 2 + -47 - 20).
56
What is the value of (-32 - (12 + -30) - -10) + (2 - -17) - 2?
13
Calculate (-17 - 0 - (109 + -163)) + (-3 - -2 - -4).
40
Evaluate -50 + 72 + (80 - 78).
24
What is -42 + -1 + -5985 + 6004?
-24
What is 288 - 270 - ((-4 + -11 - -5) + -3)?
31
Evaluate 13 + (6 - (-7 + -7 + 8)).
25
Evaluate -15 + 2 + 2 - (-20 + 80 + -52 + 24).
-43
What is 79 - (-19 - (80 + -32 - 19))?
127
Evaluate -43 + -68 + (0 - 12 - (3 + -18 - -2)).
-110
What is the value of -11 + -1 - ((-17 - -6) + 28 + (-104 - -15))?
60
What is 0 + (8 - -6) - (-9 - -4 - -1) - 11?
7
What is 45 + -94 + 61 + (-96 - -1)?
-83
Calculate 12 + (24 - 10 - 45).
-19
What is the value of 34 - (51 - (-59 + 51))?
-25
What is -88 + (-81 + 28 - -132)?
-9
Calculate 17 + -33 - (3 + -19) - 4.
-4
What is the value of 209 + -215 + (0 - (0 - -13))?
-19
What is the value of -23 + -44 + 64 - -33?
30
What is 40 + 10 - 19 - 83?
-52
-2 + -3 - (49 + -3 - (72 - 75))
-54
Evaluate 116 - (309 - (-47 - -162)).
-78
What is 24 - (27 + -15 + (2 - (-9 - -13)))?
14
Evaluate 7 - (20 - (9 + 22 - 21)).
-3
What is the value of (-2 - 0) + 3414 + -3344?
68
What is -49 + 54 + -8 - -32?
29
(21 + (-9 - 19) - -21) + -50
-36
What is 97 - (3 - ((1 - -10) + (69 - 67) + -2))?
105
Calculate -8 + 4 - (-424 - -424).
-4
Evaluate -56 + (93 - 88) + (-5 - -2) + 3 + 1.
-50
Evaluate -10 - -1 - (-9 - (-1 + 11 + 6 + -18)).
-2
Evaluate -1 - -8 - (53 + (16 - (31 - 15))).
-46
What is the value of -4 - (-4 + -9 + (0 + 7 - -12))?
-10
What is the value of -9 + 39 + -71 - -37 - (-36 - -1)?
31
14 + (51 - 84) + 1 + 53
35
Evaluate (-4 - (6 + 1)) + 108 + -102.
-5
What is -2 - 42 - (-25 - (-45 + 20))?
-44
Evaluate -568 - -561 - (6 - 4 - 106).
97
What is the value of 73 + -93 + (-76 - -57)?
-39
What is -15 - (6 + -19 + (16 + (-11 - -9) - 7))?
-9
What is -1006 + 942 + 1 + 3?
-60
What is -3 + (3 - (12 + 56 + 11 + (6 - 9)))?
-76
Evaluate -1506 + 1526 + -103 + 0.
-83
-6 + -2 - (12 + (-30 - -13) + -37)
34
Calculate (16 - -14 - 32 - (-3 - -3)) + 96.
94
What is the value of 13 + 4 + -27 - (16 + 53)?
-79
What is (0 - -1 - 12) + (44 + 0 - (1793 - 1755))?
-5
-3 + -117 + 42 - -40
-38
What is 24 + (-16 - -21 - (7 + 4) - (0 + -9))?
27
What is the value of -5 - (-2 - (98 - 43))?
52
What is the value of 49 + -7 + 0 - (215 + -48)?
-125
What is the value of -2 + (-24 - -5) + (-7 - -25)?
-3
Calculate -51 + 8 + 34 + 3 + -20.
-26
Calculate 43 + (-3 - 113) + 51.
-22
(-1 - (-5 + 23)) + 471 + -510
-58
(21 - 27 - -20) + (1 - -4) + -118 + -3
-102
Evaluate -7 - (20 - (7 - (13 + -19))).
-14
Evaluate 48 + 13 + (-6 - 0) + -36 + 26.
45
(-2 + 2 - 13) + (-150 - -87 - -104)
28
What is (0 - -31 - (-31 - (-8 + -44))) + -6?
4
6 + -1 + (6 - 8) + -12 + 18 + 3
12
Evaluate (-1 - -2 - 28) + (172 - 186).
-41
Calculate (-4 - (-5 - 15 - (-10 + -3))) + -2 + -8.
-7
Evaluate 6 + (-4 + 6 + 6 - (-252 - -205)).
61
What is the value of -39 + -7 - 5 - -11?
-40
0 - 7 - ((-149 - 61) + 152)
51
5 + 61 + (-164 - -156)
58
What is the value of (64 - 129) + (-16 - -10 - -39)?
-32
Evaluate -8 - (47 - (21 + -2)).
-36
Calculate 20 - (-9 - 27 - -36).
20
Calculate -12 - (12 - 14) - (25 + (29 - 65)).
1
What is (-6 - -8) + -9 + 34?
27
Evaluate 8 + -8 + 0 + 9 - (-390 + 403) - -105.
101
Evaluate -5 + 9 - -1 - (19 - (10 - 24)).
-28
What is -10 - 40 - 8 - -120?
62
Evaluate -1 + 56 + 17 + -27 + (-19 - -32).
58
What is (125 - 130) + (2 - (-120 - (-2 + 9)))?
124
Calculate (23 - 0) + (0 - (20 - (11 + 5) - 12)).
31
Evaluate -33 + (-4 + 45 - (-4 - -16)).
-4
-6 - (2 + -2 + (-73 - -5))
62
What is the value of -1932 - -1935 - (0 + -51)?
54
(-12 - (-2 - -1)) + (-45 - -103) + 6